{"id":7,"date":"2018-03-23T13:24:52","date_gmt":"2018-03-23T12:24:52","guid":{"rendered":"http:\/\/zwnike.iem.pw.edu.pl\/pie\/?page_id=7"},"modified":"2026-05-08T14:02:01","modified_gmt":"2026-05-08T12:02:01","slug":"strona-glowna","status":"publish","type":"page","link":"http:\/\/www.iem.pw.edu.pl\/pie\/","title":{"rendered":"Strona g\u0142\u00f3wna"},"content":{"rendered":"\n<h2 class=\"wp-block-heading\">Instalacje i urz\u0105dzenia elektryczne. Projektowanie i eksploatacja.<\/h2>\n\n\n\n<p>Zak\u0142ad Wysokich Napi\u0119\u0107 i Kompatybilno\u015bci Elektromagnetycznej Wydzia\u0142u Elektrycznego Politechniki Warszawskiej zaprasza wszystkich zainteresowanych na studia podyplomowe umo\u017cliwiaj\u0105ce poszerzenie specjalistycznej wiedzy oraz umiej\u0119tno\u015bci z zakresu projektowania i eksploatacji instalacji i urz\u0105dze\u0144 elektrycznych.<\/p>\n\n\n\n<p>Studia Podyplomowe, kt\u00f3rych zmodyfikowana pierwsza edycja zosta\u0142a uruchomiona w roku akademickim 2008\/09 jest, zgodnie z obowi\u0105zuj\u0105cymi przepisami, form\u0105 dokszta\u0142cania zawodowego os\u00f3b legitymuj\u0105cych si\u0119 dyplomem uko\u0144czenia studi\u00f3w wy\u017cszych. Studia te skierowane s\u0105 do os\u00f3b, kt\u00f3re chc\u0105 poszerzy\u0107 i zaktualizowa\u0107 swoj\u0105 wiedz\u0119 z zakresu elektrotechniki. Prowadzone s\u0105 one jako studia niestacjonarne, a w ci\u0105gu 2 semestr\u00f3w jest realizowany program w wymiarze co najmniej 185 godzin zaj\u0119\u0107, obejmuj\u0105cych wyk\u0142ady oraz \u0107wiczenia w laboratoriach badawczych i komputerowych.<\/p>\n\n\n\n<p>W ramach prowadzonych zaj\u0119\u0107 omawiana jest teoria, jak i praktyka zagadnie\u0144 zwi\u0105zanych z budow\u0105 i dzia\u0142aniem urz\u0105dze\u0144 elektrycznych i energetycznych oraz instalacji elektrycznych na wszystkich poziomach napi\u0119ciowych. Poruszane s\u0105 tematy zwi\u0105zane z poprawnym ich projektowaniem, doborem i eksploatacj\u0105 w cz\u0119sto trudnych warunkach \u015brodowiskowych. W trakcie prowadzonych laboratori\u00f3w zagadnienia teoretyczne przekazywane s\u0105 w praktyczny spos\u00f3b w postaci samodzielnie wykonywanych \u0107wicze\u0144.<\/p>\n\n\n\n<p>Nasi prowadz\u0105cy to zar\u00f3wno uznani w \u015bwiecie elektrotechniki profesorowie Politechniki Warszawskiej, jak i do\u015bwiadczeni pracownicy wsp\u00f3\u0142pracuj\u0105cych z nami firm, takich jak Schneider Electric, Megger oraz PV Lab.<\/p>\n\n\n<div class=\"wp-block-image\">\n<figure class=\"aligncenter\"><a href=\"http:\/\/www.iem.pw.edu.pl\/pie\/wp-content\/uploads\/2025\/03\/WE_PW_PL_czarny_RGB-scaled.jpg\"><img loading=\"lazy\" decoding=\"async\" width=\"2560\" height=\"702\" src=\"http:\/\/www.iem.pw.edu.pl\/pie\/wp-content\/uploads\/2025\/03\/WE_PW_PL_czarny_RGB-scaled.jpg\" alt=\"\" class=\"wp-image-349\" srcset=\"http:\/\/www.iem.pw.edu.pl\/pie\/wp-content\/uploads\/2025\/03\/WE_PW_PL_czarny_RGB-scaled.jpg 2560w, http:\/\/www.iem.pw.edu.pl\/pie\/wp-content\/uploads\/2025\/03\/WE_PW_PL_czarny_RGB-800x219.jpg 800w, http:\/\/www.iem.pw.edu.pl\/pie\/wp-content\/uploads\/2025\/03\/WE_PW_PL_czarny_RGB-1920x526.jpg 1920w, http:\/\/www.iem.pw.edu.pl\/pie\/wp-content\/uploads\/2025\/03\/WE_PW_PL_czarny_RGB-768x210.jpg 768w, http:\/\/www.iem.pw.edu.pl\/pie\/wp-content\/uploads\/2025\/03\/WE_PW_PL_czarny_RGB-1536x421.jpg 1536w, http:\/\/www.iem.pw.edu.pl\/pie\/wp-content\/uploads\/2025\/03\/WE_PW_PL_czarny_RGB-2048x561.jpg 2048w, http:\/\/www.iem.pw.edu.pl\/pie\/wp-content\/uploads\/2025\/03\/WE_PW_PL_czarny_RGB-360x99.jpg 360w\" sizes=\"auto, (max-width: 2560px) 100vw, 2560px\" \/><\/a><\/figure>\n<\/div>\n\n<div class=\"wp-block-image\">\n<figure class=\"aligncenter is-resized\"><a href=\"http:\/\/www.iem.pw.edu.pl\/pie\/wp-content\/uploads\/2018\/07\/logo_MEGGER.jpg\"><img loading=\"lazy\" decoding=\"async\" width=\"150\" height=\"150\" src=\"http:\/\/www.iem.pw.edu.pl\/pie\/wp-content\/uploads\/2018\/07\/logo_MEGGER-150x150.jpg\" alt=\"\" class=\"wp-image-123\" style=\"width:150px;height:auto\"\/><\/a><\/figure>\n<\/div>\n\n<div class=\"wp-block-image\">\n<figure class=\"aligncenter\"><a href=\"http:\/\/www.iem.pw.edu.pl\/pie\/wp-content\/uploads\/2018\/07\/logo_PV_LAB.jpg\"><img loading=\"lazy\" decoding=\"async\" width=\"150\" height=\"150\" src=\"http:\/\/www.iem.pw.edu.pl\/pie\/wp-content\/uploads\/2018\/07\/logo_PV_LAB-150x150.jpg\" alt=\"\" class=\"wp-image-124\" srcset=\"http:\/\/www.iem.pw.edu.pl\/pie\/wp-content\/uploads\/2018\/07\/logo_PV_LAB-150x150.jpg 150w, http:\/\/www.iem.pw.edu.pl\/pie\/wp-content\/uploads\/2018\/07\/logo_PV_LAB-300x300.jpg 300w, http:\/\/www.iem.pw.edu.pl\/pie\/wp-content\/uploads\/2018\/07\/logo_PV_LAB-270x270.jpg 270w, http:\/\/www.iem.pw.edu.pl\/pie\/wp-content\/uploads\/2018\/07\/logo_PV_LAB.jpg 480w\" sizes=\"auto, (max-width: 150px) 100vw, 150px\" \/><\/a><\/figure>\n<\/div>\n\n\n<p>Zaj\u0119cia praktyczne w zakresie projektowania instalacji elektrycznych, w tym instalacji zasilaj\u0105cych, o\u015bwietleniowych i odgromowych, prowadzimy od kilku lat, korzystaj\u0105c z cenionego w \u015brodowisku projektant\u00f3w oprogramowania GStarCAD wraz z bibliotekami CADProfi.<\/p>\n\n\n<div class=\"wp-block-image\">\n<figure class=\"aligncenter\"><a href=\"https:\/\/gstarcad.pl\/\" target=\"_blank\" rel=\"noopener\"><img decoding=\"async\" src=\"https:\/\/gstarcad.pt\/wp-content\/uploads\/2023\/05\/Group-238-1600x278.png.webp\" alt=\"GstarCAD\"\/><\/a><\/figure>\n<\/div>\n\n\n<p>&nbsp;<\/p>\n\n\n<div class=\"wp-block-image\">\n<figure class=\"aligncenter\"><a href=\"https:\/\/www.cadprofi.com\/main\/pl\/\" target=\"_blank\" rel=\"noopener\"><img loading=\"lazy\" decoding=\"async\" width=\"677\" height=\"181\" src=\"http:\/\/www.iem.pw.edu.pl\/pie\/wp-content\/uploads\/2024\/03\/logo_wide_outline.png\" alt=\"\" class=\"wp-image-311\" srcset=\"http:\/\/www.iem.pw.edu.pl\/pie\/wp-content\/uploads\/2024\/03\/logo_wide_outline.png 677w, http:\/\/www.iem.pw.edu.pl\/pie\/wp-content\/uploads\/2024\/03\/logo_wide_outline-360x96.png 360w\" sizes=\"auto, (max-width: 677px) 100vw, 677px\" \/><\/a><\/figure>\n<\/div>","protected":false},"excerpt":{"rendered":"<p>Instalacje i urz\u0105dzenia elektryczne. Projektowanie i eksploatacja. Zak\u0142ad Wysokich Napi\u0119\u0107 i Kompatybilno\u015bci Elektromagnetycznej Wydzia\u0142u Elektrycznego Politechniki Warszawskiej zaprasza wszystkich zainteresowanych na studia podyplomowe umo\u017cliwiaj\u0105ce poszerzenie specjalistycznej wiedzy oraz umiej\u0119tno\u015bci z zakresu projektowania i eksploatacji instalacji i urz\u0105dze\u0144 elektrycznych. Studia Podyplomowe,&hellip;&nbsp;<a href=\"http:\/\/www.iem.pw.edu.pl\/pie\/\" class=\"more-link\">Read More<\/a><\/p>\n","protected":false},"author":1,"featured_media":0,"parent":0,"menu_order":0,"comment_status":"closed","ping_status":"closed","template":"","meta":{"footnotes":""},"class_list":["post-7","page","type-page","status-publish","hentry"],"_links":{"self":[{"href":"http:\/\/www.iem.pw.edu.pl\/pie\/index.php?rest_route=\/wp\/v2\/pages\/7","targetHints":{"allow":["GET"]}}],"collection":[{"href":"http:\/\/www.iem.pw.edu.pl\/pie\/index.php?rest_route=\/wp\/v2\/pages"}],"about":[{"href":"http:\/\/www.iem.pw.edu.pl\/pie\/index.php?rest_route=\/wp\/v2\/types\/page"}],"author":[{"embeddable":true,"href":"http:\/\/www.iem.pw.edu.pl\/pie\/index.php?rest_route=\/wp\/v2\/users\/1"}],"replies":[{"embeddable":true,"href":"http:\/\/www.iem.pw.edu.pl\/pie\/index.php?rest_route=%2Fwp%2Fv2%2Fcomments&post=7"}],"version-history":[{"count":27,"href":"http:\/\/www.iem.pw.edu.pl\/pie\/index.php?rest_route=\/wp\/v2\/pages\/7\/revisions"}],"predecessor-version":[{"id":382,"href":"http:\/\/www.iem.pw.edu.pl\/pie\/index.php?rest_route=\/wp\/v2\/pages\/7\/revisions\/382"}],"wp:attachment":[{"href":"http:\/\/www.iem.pw.edu.pl\/pie\/index.php?rest_route=%2Fwp%2Fv2%2Fmedia&parent=7"}],"curies":[{"name":"wp","href":"https:\/\/api.w.org\/{rel}","templated":true}]}}

Strona główna

<h2 class="wp-block-heading">Instalacje i urządzenia elektryczne. Projektowanie i eksploatacja.</h2>



<p>Zakład Wysokich Napięć i Kompatybilności Elektromagnetycznej Wydziału Elektrycznego Politechniki Warszawskiej zaprasza wszystkich zainteresowanych na studia podyplomowe umożliwiające poszerzenie specjalistycznej wiedzy oraz umiejętności z zakresu projektowania i eksploatacji instalacji i urządzeń elektrycznych.</p>



<p>Studia Podyplomowe, których zmodyfikowana pierwsza edycja została uruchomiona w roku akademickim 2008/09 jest, zgodnie z obowiązującymi przepisami, formą dokształcania zawodowego osób legitymujących się dyplomem ukończenia studiów wyższych. Studia te skierowane są do osób, które chcą poszerzyć i zaktualizować swoją wiedzę z zakresu elektrotechniki. Prowadzone są one jako studia niestacjonarne, a w ciągu 2 semestrów jest realizowany program w wymiarze co najmniej 185 godzin zajęć, obejmujących wykłady oraz ćwiczenia w laboratoriach badawczych i komputerowych.</p>



<p>W ramach prowadzonych zajęć omawiana jest teoria, jak i praktyka zagadnień związanych z budową i działaniem urządzeń elektrycznych i energetycznych oraz instalacji elektrycznych na wszystkich poziomach napięciowych. Poruszane są tematy związane z poprawnym ich projektowaniem, doborem i eksploatacją w często trudnych warunkach środowiskowych. W trakcie prowadzonych laboratoriów zagadnienia teoretyczne przekazywane są w praktyczny sposób w postaci samodzielnie wykonywanych ćwiczeń.</p>



<p>Nasi prowadzący to zarówno uznani w świecie elektrotechniki profesorowie Politechniki Warszawskiej, jak i doświadczeni pracownicy współpracujących z nami firm, takich jak Schneider Electric, Megger oraz PV Lab.</p>


<div class="wp-block-image">
<figure class="aligncenter"><a href="http://www.iem.pw.edu.pl/pie/wp-content/uploads/2025/03/WE_PW_PL_czarny_RGB-scaled.jpg"><img loading="lazy" decoding="async" width="2560" height="702" src="http://www.iem.pw.edu.pl/pie/wp-content/uploads/2025/03/WE_PW_PL_czarny_RGB-scaled.jpg" alt="" class="wp-image-349" srcset="http://www.iem.pw.edu.pl/pie/wp-content/uploads/2025/03/WE_PW_PL_czarny_RGB-scaled.jpg 2560w, http://www.iem.pw.edu.pl/pie/wp-content/uploads/2025/03/WE_PW_PL_czarny_RGB-800x219.jpg 800w, http://www.iem.pw.edu.pl/pie/wp-content/uploads/2025/03/WE_PW_PL_czarny_RGB-1920x526.jpg 1920w, http://www.iem.pw.edu.pl/pie/wp-content/uploads/2025/03/WE_PW_PL_czarny_RGB-768x210.jpg 768w, http://www.iem.pw.edu.pl/pie/wp-content/uploads/2025/03/WE_PW_PL_czarny_RGB-1536x421.jpg 1536w, http://www.iem.pw.edu.pl/pie/wp-content/uploads/2025/03/WE_PW_PL_czarny_RGB-2048x561.jpg 2048w, http://www.iem.pw.edu.pl/pie/wp-content/uploads/2025/03/WE_PW_PL_czarny_RGB-360x99.jpg 360w" sizes="auto, (max-width: 2560px) 100vw, 2560px" /></a></figure>
</div>

<div class="wp-block-image">
<figure class="aligncenter is-resized"><a href="http://www.iem.pw.edu.pl/pie/wp-content/uploads/2018/07/logo_MEGGER.jpg"><img loading="lazy" decoding="async" width="150" height="150" src="http://www.iem.pw.edu.pl/pie/wp-content/uploads/2018/07/logo_MEGGER-150x150.jpg" alt="" class="wp-image-123" style="width:150px;height:auto"/></a></figure>
</div>

<div class="wp-block-image">
<figure class="aligncenter"><a href="http://www.iem.pw.edu.pl/pie/wp-content/uploads/2018/07/logo_PV_LAB.jpg"><img loading="lazy" decoding="async" width="150" height="150" src="http://www.iem.pw.edu.pl/pie/wp-content/uploads/2018/07/logo_PV_LAB-150x150.jpg" alt="" class="wp-image-124" srcset="http://www.iem.pw.edu.pl/pie/wp-content/uploads/2018/07/logo_PV_LAB-150x150.jpg 150w, http://www.iem.pw.edu.pl/pie/wp-content/uploads/2018/07/logo_PV_LAB-300x300.jpg 300w, http://www.iem.pw.edu.pl/pie/wp-content/uploads/2018/07/logo_PV_LAB-270x270.jpg 270w, http://www.iem.pw.edu.pl/pie/wp-content/uploads/2018/07/logo_PV_LAB.jpg 480w" sizes="auto, (max-width: 150px) 100vw, 150px" /></a></figure>
</div>


<p>Zajęcia praktyczne w zakresie projektowania instalacji elektrycznych, w tym instalacji zasilających, oświetleniowych i odgromowych, prowadzimy od kilku lat, korzystając z cenionego w środowisku projektantów oprogramowania GStarCAD wraz z bibliotekami CADProfi.</p>


<div class="wp-block-image">
<figure class="aligncenter"><a href="https://gstarcad.pl/" target="_blank" rel="noopener"><img decoding="async" src="https://gstarcad.pt/wp-content/uploads/2023/05/Group-238-1600x278.png.webp" alt="GstarCAD"/></a></figure>
</div>


<p>&nbsp;</p>


<div class="wp-block-image">
<figure class="aligncenter"><a href="https://www.cadprofi.com/main/pl/" target="_blank" rel="noopener"><img loading="lazy" decoding="async" width="677" height="181" src="http://www.iem.pw.edu.pl/pie/wp-content/uploads/2024/03/logo_wide_outline.png" alt="" class="wp-image-311" srcset="http://www.iem.pw.edu.pl/pie/wp-content/uploads/2024/03/logo_wide_outline.png 677w, http://www.iem.pw.edu.pl/pie/wp-content/uploads/2024/03/logo_wide_outline-360x96.png 360w" sizes="auto, (max-width: 677px) 100vw, 677px" /></a></figure>
</div>

<p>Instalacje i urządzenia elektryczne. Projektowanie i eksploatacja. Zakład Wysokich Napięć i Kompatybilności Elektromagnetycznej Wydziału Elektrycznego Politechniki Warszawskiej zaprasza wszystkich zainteresowanych na studia podyplomowe umożliwiające poszerzenie specjalistycznej wiedzy oraz umiejętności z zakresu projektowania i eksploatacji instalacji i urządzeń elektrycznych. Studia Podyplomowe,&hellip;&nbsp;<a href="http://www.iem.pw.edu.pl/pie/" class="more-link">Read More</a></p>
