{"id":55,"date":"2018-03-26T11:34:04","date_gmt":"2018-03-26T09:34:04","guid":{"rendered":"http:\/\/zwnike.iem.pw.edu.pl\/pie\/?page_id=55"},"modified":"2025-12-16T07:46:58","modified_gmt":"2025-12-16T06:46:58","slug":"harmonogram-zjazdow","status":"publish","type":"page","link":"http:\/\/www.iem.pw.edu.pl\/pie\/?page_id=55","title":{"rendered":"Harmonogram zjazd\u00f3w"},"content":{"rendered":"<p>W roku akademickim 2025\/2026 zaj\u0119cia odbywaj\u0105 si\u0119 w wyznaczone weekendy zjazdowe:<\/p>\n<ul>\n<li>w pi\u0105tki b\u0119d\u0105 odbywa\u0107 si\u0119 w godz. 16:15 &#8211; 20:00,<\/li>\n<li>w soboty w godz. 8:15 &#8211; 16:00<\/li>\n<li>w niedziele w godz. 8:15 &#8211; 14:00.<\/li>\n<\/ul>\n<h3>Semestr zimowy:<\/h3>\n<ul>\n<li>Zjazd 1 \u2013 17-18-19.10.2025 r. stacjonarnie<\/li>\n<li>Zjazd 2 \u2013 07-08-09.11.2025 r. stacjonarnie<\/li>\n<li>Zjazd 3 \u2013 28-29-30.11.2025 r. stacjonarnie<\/li>\n<li>Zjazd 4 \u2013 05-06-07.12.2025 r. stacjonarnie<\/li>\n<li>Zjazd 5 \u2013 09-10-11.01.2026 r. stacjonarnie<\/li>\n<li>Zjazd 6 \u2013 30-31-01.02.2026 r. stacjonarnie<\/li>\n<\/ul>\n<h3>Semestr letni:<\/h3>\n<ul>\n<li>Zjazd 1 \u2013 13-14-15.02.2026 r. stacjonarnie<\/li>\n<li>Zjazd 2 \u2013 13-14-15.03.2026 r. stacjonarnie<\/li>\n<li>Zjazd 3 \u2013 27-28-29.03.2026 r. stacjonarnie<\/li>\n<li>Zjazd 4 \u2013 17-18-19.04.2026 r. stacjonarnie<\/li>\n<li>Zjazd 5 \u2013 15-16-17.05.2026 r. stacjonarnie<\/li>\n<li>Zjazd 6 \u2013 20.06.2026 r. &#8211; prezentacja prac ko\u0144cowych stacjonarnie<\/li>\n<\/ul>\n<p><span style=\"color: #ff0000;\"><span style=\"color: #000000;\">Ze wzgl\u0119du na nieprzewidziane sytuacje losowe forma prowadzenia zaj\u0119\u0107 (stacjonarnie\/zdalnie) mo\u017ce ulec zmianie. W takiej sytuacji b\u0119dziemy bezzw\u0142ocznie informowa\u0107 i wsp\u00f3lnie dokonywa\u0107 ustale\u0144.<\/span><strong><br \/>\n<\/strong><\/span><\/p>\n","protected":false},"excerpt":{"rendered":"<p>W roku akademickim 2025\/2026 zaj\u0119cia odbywaj\u0105 si\u0119 w wyznaczone weekendy zjazdowe: w pi\u0105tki b\u0119d\u0105 odbywa\u0107 si\u0119 w godz. 16:15 &#8211; 20:00, w soboty w godz. 8:15 &#8211; 16:00 w niedziele w godz. 8:15 &#8211; 14:00. Semestr zimowy: Zjazd 1 \u2013&hellip;&nbsp;<a href=\"http:\/\/www.iem.pw.edu.pl\/pie\/?page_id=55\" class=\"more-link\">Read More<\/a><\/p>\n","protected":false},"author":1,"featured_media":0,"parent":0,"menu_order":0,"comment_status":"closed","ping_status":"closed","template":"","meta":{"footnotes":""},"class_list":["post-55","page","type-page","status-publish","hentry"],"_links":{"self":[{"href":"http:\/\/www.iem.pw.edu.pl\/pie\/index.php?rest_route=\/wp\/v2\/pages\/55","targetHints":{"allow":["GET"]}}],"collection":[{"href":"http:\/\/www.iem.pw.edu.pl\/pie\/index.php?rest_route=\/wp\/v2\/pages"}],"about":[{"href":"http:\/\/www.iem.pw.edu.pl\/pie\/index.php?rest_route=\/wp\/v2\/types\/page"}],"author":[{"embeddable":true,"href":"http:\/\/www.iem.pw.edu.pl\/pie\/index.php?rest_route=\/wp\/v2\/users\/1"}],"replies":[{"embeddable":true,"href":"http:\/\/www.iem.pw.edu.pl\/pie\/index.php?rest_route=%2Fwp%2Fv2%2Fcomments&post=55"}],"version-history":[{"count":25,"href":"http:\/\/www.iem.pw.edu.pl\/pie\/index.php?rest_route=\/wp\/v2\/pages\/55\/revisions"}],"predecessor-version":[{"id":373,"href":"http:\/\/www.iem.pw.edu.pl\/pie\/index.php?rest_route=\/wp\/v2\/pages\/55\/revisions\/373"}],"wp:attachment":[{"href":"http:\/\/www.iem.pw.edu.pl\/pie\/index.php?rest_route=%2Fwp%2Fv2%2Fmedia&parent=55"}],"curies":[{"name":"wp","href":"https:\/\/api.w.org\/{rel}","templated":true}]}}

Harmonogram zjazdów

<p>W roku akademickim 2025/2026 zajęcia odbywają się w wyznaczone weekendy zjazdowe:</p>
<ul>
<li>w piątki będą odbywać się w godz. 16:15 &#8211; 20:00,</li>
<li>w soboty w godz. 8:15 &#8211; 16:00</li>
<li>w niedziele w godz. 8:15 &#8211; 14:00.</li>
</ul>
<h3>Semestr zimowy:</h3>
<ul>
<li>Zjazd 1 – 17-18-19.10.2025 r. stacjonarnie</li>
<li>Zjazd 2 – 07-08-09.11.2025 r. stacjonarnie</li>
<li>Zjazd 3 – 28-29-30.11.2025 r. stacjonarnie</li>
<li>Zjazd 4 – 05-06-07.12.2025 r. stacjonarnie</li>
<li>Zjazd 5 – 09-10-11.01.2026 r. stacjonarnie</li>
<li>Zjazd 6 – 30-31-01.02.2026 r. stacjonarnie</li>
</ul>
<h3>Semestr letni:</h3>
<ul>
<li>Zjazd 1 – 13-14-15.02.2026 r. stacjonarnie</li>
<li>Zjazd 2 – 13-14-15.03.2026 r. stacjonarnie</li>
<li>Zjazd 3 – 27-28-29.03.2026 r. stacjonarnie</li>
<li>Zjazd 4 – 17-18-19.04.2026 r. stacjonarnie</li>
<li>Zjazd 5 – 15-16-17.05.2026 r. stacjonarnie</li>
<li>Zjazd 6 – 20.06.2026 r. &#8211; prezentacja prac końcowych stacjonarnie</li>
</ul>
<p><span style="color: #ff0000;"><span style="color: #000000;">Ze względu na nieprzewidziane sytuacje losowe forma prowadzenia zajęć (stacjonarnie/zdalnie) może ulec zmianie. W takiej sytuacji będziemy bezzwłocznie informować i wspólnie dokonywać ustaleń.</span><strong><br />
</strong></span></p>

<p>W roku akademickim 2025/2026 zajęcia odbywają się w wyznaczone weekendy zjazdowe: w piątki będą odbywać się w godz. 16:15 &#8211; 20:00, w soboty w godz. 8:15 &#8211; 16:00 w niedziele w godz. 8:15 &#8211; 14:00. Semestr zimowy: Zjazd 1 –&hellip;&nbsp;<a href="http://www.iem.pw.edu.pl/pie/?page_id=55" class="more-link">Read More</a></p>
